69716?
68
Calculate the highest common factor of 5904 and 37008.
144
Calculate the highest common divisor of 62118 and 11606931.
1827
What is the highest common factor of 175441144 and 48?
8
What is the highest common divisor of 18860 and 2671880?
20
Calculate the greatest common divisor of 4374750 and 1125.
375
Calculate the greatest common divisor of 488 and 1142110686.
122
Calculate the greatest common divisor of 18719244 and 5100.
204
Calculate the highest common divisor of 544887 and 46494.
567
What is the highest common factor of 5956 and 3764?
4
What is the highest common divisor of 1610 and 21272125?
805
What is the highest common factor of 3535829 and 1364?
341
Calculate the highest common divisor of 2478595 and 34615.
805
What is the highest common divisor of 186600 and 30075?
75
Calculate the highest common factor of 106362030 and 5950.
170
Calculate the greatest common factor of 672 and 2506056.
168
What is the greatest common factor of 200277 and 6179481?
693
What is the greatest common divisor of 2542516 and 636?
212
What is the highest common factor of 124512 and 2424?
24
What is the greatest common divisor of 20474 and 386182?
706
What is the greatest common factor of 464 and 164623488?
464
What is the highest common factor of 323901948 and 36?
12
What is the highest common factor of 1276 and 586641?
319
What is the highest common divisor of 24080 and 487534?
86
What is the greatest common factor of 24148782 and 12?
6
What is the greatest common factor of 11383000 and 3000?
1000
What is the greatest common factor of 506361525 and 150?
75
Calculate the greatest common divisor of 208440094 and 289.
289
What is the highest common factor of 3552380 and 12844?
676
Calculate the greatest common divisor of 31929 and 64119.
87
What is the greatest common divisor of 13178400 and 3002?
38
What is the highest common factor of 27705 and 76215?
15
Calculate the greatest common divisor of 932918 and 1750.
14
Calculate the highest common divisor of 104 and 111133256.
104
What is the highest common factor of 42 and 17314494?
6
What is the highest common factor of 141218 and 2711170?
1078
Calculate the greatest common divisor of 54969 and 264303.
753
What is the highest common divisor of 14853172 and 170?
34
Calculate the greatest common factor of 885 and 872317065.
885
What is the highest common divisor of 184926 and 13158?
102
What is the greatest common factor of 301259290 and 830?
830
Calculate the highest common factor of 2792575 and 74.
37
Calculate the greatest common divisor of 52 and 4555629.
13
What is the highest common divisor of 7626402 and 126?
126
Calculate the greatest common factor of 426 and 1512838251.
213
Calculate the highest common factor of 621 and 169465587.
69
Calculate the highest common factor of 481041431 and 26.
13
Calculate the greatest common divisor of 10328529 and 6477.
381
What is the greatest common divisor of 3104 and 2431208?
776
Calculate the highest common factor of 844424000 and 952.
952
Calculate the greatest common divisor of 1161756400 and 84.
28
What is the highest common factor of 584449768 and 112?
56
What is the highest common divisor of 369544 and 2296?
56
Calculate the highest common divisor of 3557664 and 68508.
396
Calculate the greatest common divisor of 2507683 and 5453.
41
Calculate the greatest common factor of 3294 and 7398.
54
What is the greatest common divisor of 258367 and 712?
89
Calculate the highest common divisor of 924 and 10708544.
308
Calculate the highest common factor of 920 and 30372995.
115
Calculate the greatest common factor of 2025 and 2919450.
75
Calculate the highest common divisor of 69058243 and 37.
37
What is the highest common divisor of 320624 and 135024?
464
Calculate the greatest common divisor of 36 and 272463552.
36
Calculate the greatest common divisor of 10828907 and 159.
53
What is the greatest common divisor of 4815404 and 484?
44
What is the greatest common factor of 31143 and 2373?
21
What is the highest common factor of 474 and 4362775?
79
Calculate the greatest common factor of 100631 and 55723.
103
Calculate the highest common divisor of 9200045 and 1865.
1865
Calculate the highest common divisor of 597 and 200990199.
597
What is the greatest common factor of 204899 and 20419361?
3359
What is the greatest common factor of 855391439 and 14?
7
Calculate the highest common factor of 1323145 and 1060.
265
Calculate the highest common factor of 761057 and 17888.
43
Calculate the greatest common factor of 59 and 4758409.
59
Calculate the greatest common factor of 388688222 and 78.
26
What is the highest common factor of 1363549 and 9801?
121
Calculate the greatest common divisor of 20 and 13598030.
10
What is the highest common divisor of 2644 and 15045682?
1322
What is the greatest common factor of 121600 and 192640?
640
What is the highest common divisor of 1063511 and 4594?
2297
Calculate the greatest common factor of 8845 and 5605961.
1769
Calculate the greatest common divisor of 840 and 178193820.
420
What is the highest common factor of 114763492 and 592?
148
What is the greatest common factor of 150877320 and 240?
120
What is the greatest common divisor of 1052060 and 7380?
820
Calculate the greatest common divisor of 41 and 2622729.
41
What is the greatest common divisor of 11123814 and 12?
6
Calculate the highest common divisor of 22985458 and 1508.
58
What is the highest common factor of 323 and 3051313?
17
What is the greatest common divisor of 113680 and 49203952?
3248
Calculate the greatest common divisor of 52 and 216391201.
13
Calculate the highest common divisor of 85362 and 38540.
82
What is the greatest common divisor of 317168 and 2536?
8
What is the highest common divisor of 609414 and 468?
78
What is the highest common divisor of 77 and 27783371?
77
Calculate the highest common divisor of 10854347 and 15211.
371
What is the highest common divisor of 3582 and 92034?
18
What is the greatest common factor of 17101 and 255206?
7
Calculate the highest common divisor of 118765671 and 438.
219
What is the greatest common factor of 91364 and 403?
13
Calculate the greatest common divisor of 848 and 780319.
53
Calculate the highest common divisor of 2346458 and 474.
158
What is the highest common factor of 1570002 and 617526?
1218
What is the greatest common divisor of 15461943 and 1668?
417
Calculate the greatest common factor of 57684 and 1428724.
836
Calculate the highest common divisor of 3792270 and 2646870.
2490
What is the highest common divisor of 2695432 and 5040?
8
Calculate the highest common divisor of 109 and 178544.
1
What is the greatest common factor of 105331617 and 954?
477
Calculate the highest common divisor of 75058203 and 363.
33
Calculate the greatest common factor of 160 and 16339360.
160
Calculate the greatest common divisor of 125073 and 80457.
39
What is the highest common divisor of 6285915 and 221031?
369
Calculate the highest common divisor of 11819188 and 28.
4
What is the greatest common factor of 162 and 2586897?
81
Calculate the greatest common divisor of 912 and 36521496.
456
Calculate the highest common divisor of 34727332 and 115.
23
What is the greatest common factor of 158256 and 28517166?
2826
Calculate the highest common divisor of 10023 and 35259372.
771
What is the highest common factor of 139310755 and 86?
43
What is the greatest common factor of 4633908 and 24?
12
What is the greatest common divisor of 4674102 and 2?
2
What is the highest common divisor of 193375 and 220745?
595
What is the greatest common divisor of 1142448035 and 3117?
1039
Calculate the highest common factor of 765 and 482307.
51
Calculate the greatest common divisor of 489 and 1055237224.
163
Calculate the greatest common factor of 9153 and 47008.
113
What is the greatest common divisor of 364239 and 22257?
9
Calculate the greatest common divisor of 585629 and 429.
11
What is the greatest common divisor of 224640 and 630500?
260
Calculate the greatest common factor of 366 and 372057.
3
Calculate the highest common divisor of 5957 and 608650.
259
What is the highest common divisor of 385814 and 25821?
19
Calculate the highest common factor of 251688 and 1592.
8
What is the highest common factor of 28 and 34904?
4
What is the gre